+ b**3/6 - 9*b**2/2 - 30*b - 1. Determine i(-3).
-3
Let s(o) = o**3 + 5*o**2 - 6*o - 5. Suppose 12*x - 4*x - 16 = 0. Suppose 0*n + 12 = -x*n. What is s(n)?
-5
Let c(m) = m**2 + 11*m + 26. Let x = 303 - 311. Calculate c(x).
2
Let f be 0/(-1) + (-9 - -7). Let m be (f + 5 - -1)/2. Let s(i) = -i**3 - 2*i**2 + i. Let p(c) = -c + 1. Let u(o) = m*p(o) + s(o). Give u(-2).
4
Let i(l) = l**3 + 106*l - 111*l + 2*l**2 - 1 - 3. Give i(-5).
-54
Let u(z) = -2*z**2 + 8*z - 4. Suppose -2 = -12*l + 58. What is u(l)?
-14
Let m(s) = -s**2 + 15*s - 5. Let y = 50 + -36. What is m(y)?
9
Let q(z) = -2*z**2 + 4*z - 2. Let g be 0 + 73*(-2)/2. Let h = g + 75. Give q(h).
-2
Let j(m) = 27 - 12*m - 8*m - 13*m + 27*m. Determine j(6).
-9
Let d(b) = b + 7. Let q be d(-5). Let h(z) = -2 + 5*z**2 - z**3 + 0 + 3 - 7*z**2. What is h(q)?
-15
Let w(n) be the first derivative of n**4/4 - 4*n**3/3 - n**2/2 + 2*n - 303. Let z(u) = -4*u. Let i be z(-1). Determine w(i).
-2
Let q(f) be the third derivative of -f**5/60 - f**4/24 + f**3/2 + 77*f**2. Determine q(0).
3
Let a(u) = -u + 6. Let g(c) = 6*c - 30. Suppose 3*s - 3*t - 3 = 0, -8 = -4*s + 3*t - 3. Let o(r) = s*g(r) + 11*a(r). Let h = -2 + 7. Give o(h).
11
Let x(c) = 289*c - 45 - 71*c - 75*c - 73*c - 72*c. Calculate x(-19).
-7
Let x(q) = q**2 + 1 + q**2 + 36*q - 31*q + 4 + 2. Give x(-5).
32
Let a(w) = w**3 + 8*w**2 - 9*w - 3. Let i be (1 - 10/4)/(54/324). Determine a(i).
-3
Let j(d) be the third derivative of d**6/120 + d**5/10 - 5*d**4/8 + 4*d**3/3 + 15*d**2. Let t be j(-8). Let x(w) = w**3 + w**2. What is x(t)?
0
Let j(u) = 5*u - 32. Let t(x) = 2*x - 11. Let r(o) = 3*j(o) - 8*t(o). What is r(-14)?
6
Let z = 64 + -62. Let g(y) = -109*y**2 + 1 + 2*y + 89*y**z - 3*y. What is g(1)?
-20
Suppose -w = -2*d + 3, 2*w + 12 - 21 = -d. Let q(u) = u**3 - 4*u**2 + 3*u**2 - u**2. Determine q(w).
9
Suppose 0 = -5*g - 10*b + 5*b - 30, -2*g - 18 = -b. Let j(h) = h + 23. What is j(g)?
15
Let o(f) = f**2 + 3*f + 1. Let i be (12/21)/(0 + 3/21). Suppose 2*h - 12 = i*v - 2*h, -21 = 4*v + 5*h. Determine o(v).
5
Let r(a) = -a**2 + 7*a - 3. Let j(m) = m**3 - 17*m**2 + 15*m + 22. Let f be j(16). Let w be r(f). Let g(y) = y**2 - 3*y + 3*y - 3*y - 2. What is g(w)?
-2
Let l be (-16)/(-12)*(-18)/(-4). Let i(k) = -7*k**3 + 39*k**2 - k - l*k**3 - 40*k**2. Give i(-1).
13
Let k(g) be the second derivative of g**5/20 + g**4/4 - 7*g**3/6 - 5*g**2/2 - 2*g - 24. Calculate k(-4).
7
Let w(l) be the first derivative of 4*l**3/3 + 11*l**2/2 - 494. Give w(-3).
3
Let u be -2 - ((-6)/2 - -1). Suppose u*a - a = 0. Let k(p) = 2*p - p + 2*p**3 + a*p**3 + 0*p**3. Give k(1).
3
Let f(v) = 3*v**3 + 9 + 4*v**3 - 9*v + 5*v**3 - 11*v**3 - 6*v**2. Calculate f(7).
-5
Let o(v) = -v**3 - 7*v**2 - 5*v + 1. Let a = -10 - -7. Let s be -5 + (-3)/(-9)*a. What is o(s)?
-5
Let t(p) = 7*p + 5. Let w(k) = k + 1. Let d(m) = -t(m) + 2*w(m). Let i be -6*((-160)/(-448) - (-12)/(-14)). Determine d(i).
-18
Suppose -2*q + 3*o = -9, 3*q + 3*o = 6*o + 21. Let k(n) = 8 - 6*n + 1 - q - n**3 - 6*n**2. Calculate k(-5).
2
Suppose -43 = -5*c - 4*w, 0 = w + 3. Let d(g) = 2*g**2 - c*g + 7*g + 11*g + 4 - g**2. Determine d(-7).
4
Let h(m) = -m**3 - 5*m**2 - 3*m - 12. Let x be h(-5). Let t(o) = o**3 - 4*o**2 - o + 1. Calculate t(x).
-11
Let l(p) be the second derivative of -p**4/2 - p**3/6 - 3*p**2 + 8*p. Let m(d) = -3*d**2 - 3. Let x(b) = 2*l(b) - 5*m(b). Determine x(2).
11
Let p(l) = 3 - 7*l - 2*l + l. Let h(k) = 6*k**2 + 35*k. Let j be h(-6). Let o = 8 - j. Determine p(o).
-13
Suppose 2*t + 74 - 241 = -5*n, 133 = 4*n + t. Let z = 29 - n. Let l(m) = -m - 5. Give l(z).
-1
Let h = 36 - 11. Let a(q) = -h - q + 8 + 2. What is a(-7)?
-8
Let k(b) be the first derivative of -b**2/2 + 2*b + 41. Give k(0).
2
Suppose 0 = -5*q - 39 + 29. Let h(p) = p**2 + 2*p - 2. Give h(q).
-2
Let m(d) = -2*d - 1. Let t be (-15)/(-9) + (-78)/(-18). Suppose -21*b = -19*b + t. What is m(b)?
5
Let q(b) = -b**2 - 5*b + 1. Let u(x) = 2*x**2 + 9*x - 1. Let t(z) = 5*q(z) + 3*u(z). Let d(s) = s**2 + 2*s + 3. Let j(a) = 3*d(a) - 4*t(a). Calculate j(-3).
-2
Let f(b) be the third derivative of -b**6/120 - b**5/20 + b**4/4 + b**3/3 - 573*b**2. Let m = 2 - 7. Give f(m).
22
Let a(m) be the first derivative of -m**4/4 + 2*m**3 - 7*m**2/2 + 2*m - 12. Suppose 0 = 4*l - 5*l + 15. Suppose 0 = -f - 2*f + l. Determine a(f).
-8
Let z(x) be the first derivative of x**4/24 + 2*x**3 - 2. Let h(f) be the third derivative of z(f). Let i(g) = g - 1. Let l(d) = -h(d) - 2*i(d). What is l(5)?
-9
Let k(b) = 2*b**3 + 2*b**2 + 3. Suppose 0 = -3*x + s - 2 - 2, 0 = -2*x - 2*s - 16. What is k(x)?
-33
Let y(x) be the second derivative of x**5/20 + 7*x**4/12 + x**3 - 3*x**2 + 109*x. Determine y(-5).
14
Let a(p) = p**3 + 4*p**2 - p**2 + 3*p**2 - 6 - 8*p. Suppose 64 = 6*m + 2*m. Suppose 5*u + 20 = -5*z, 0*u = u + 5*z - m. Calculate a(u).
1
Let m(q) = 11 + 2*q - 8 - 3 - 16. What is m(9)?
2
Let z(q) = -3*q**2 - 13*q + 6. Let x be 2 - -2 - 1/1. Let v(g) = g**2 + 4*g - 2. Let w(p) = x*z(p) + 8*v(p). Give w(-8).
-6
Let s = 728 - 736. Let d(a) = a**3 + 8*a**2 - a - 3. Determine d(s).
5
Suppose 0 = -4*f - x + 12, -2*x - 3*x - 8 = 3*f. Let r(d) = -4 + 96*d + 4 - 2 - 95*d. What is r(f)?
2
Let u(r) = -7*r**2 + 5*r + 1. Suppose -3*o = -19 + 4. Let a(b) = b**2. Let s(x) = o*a(x) + u(x). What is s(4)?
-11
Let h(o) be the second derivative of -o**4/12 - o**3/6 + 48*o + 5. Suppose 0 = n + 2 + 1. What is h(n)?
-6
Let g be (-64)/320 - (-11)/5. Suppose -z + 2*z = 2. Suppose g*h = -a - 1, -h = -0*h - z*a - 2. Let i(x) = -x**2 - x + 5. What is i(h)?
5
Let d(f) = 9*f**3. Let b(k) = -k**3 + 5*k**2 - 5*k + 6. Let a be b(4). Let g(u) = -u**3. Let p(q) = a*g(q) + d(q). Calculate p(1).
7
Let o(g) = g**2 + 8*g + 11. Let r(p) = 3*p**2 - 4. Let q be r(0). Let h(z) = z**2 + 10*z + 16. Let b be h(q). Give o(b).
11
Let o = 30 + -26. Let z(q) = 2 + 0 - 17*q - 7*q**2 + q**3 + 3*q**2 + 18*q. Calculate z(o).
6
Let y = -82 + 85. Let i(k) = -k + y*k + 414 - 421. What is i(5)?
3
Let u(z) = z**3 - 7*z**2 + 4. Let v be u(7). Let h(l) = -l**2 + 6 - 13 + 3 + 6*l. Give h(v).
4
Let w(u) be the second derivative of -u**5/20 - u**4/2 - u**3/6 - 2*u**2 - u. Let m(o) = o**3 + 11*o**2 + 6*o + 60. Let c be m(-11). Give w(c).
2
Let o(u) = -2*u - 3. Let q = -1 + 1. Suppose -2*v + 4*d + 24 = 0, 4*v + 2*d = -3*d - 4. Suppose -j - 4*p = v*j + 24, q = 5*p + 5. Give o(j).
5
Let f(v) be the second derivative of v**7/840 - v**6/180 - v**5/20 + v**4/12 - 7*v**3/6 + v. Let i(c) be the second derivative of f(c). Calculate i(4).
10
Let p(s) = -s**2 + s + 1. Suppose 5*m + 176 = -49. Let f be 2/(-4) - m/6. Suppose a - f*a = -18. What is p(a)?
-5
Let w(u) = -6*u + 3. Let s = 460 - 467. Calculate w(s).
45
Let f(s) = s**3 + 5*s**2 + 5*s - 3. Let o be (4/6)/(-1) - 10/3. Let z be 408/(-108) + o/54*3. Calculate f(z).
-7
Let m = 11 - 11. Suppose -k = 3*s + 2*s - 14, m = 4*k + 5*s - 26. Let o(z) = k + z**2 - 3 + 8*z + 1. What is o(-6)?
-10
Let i(w) = w**3 - 7*w**2 + 3*w - 4. Let m(u) = 6*u. Let l be m(1). What is i(l)?
-22
Let u(b) = b**2 - 7*b - 2. Suppose g - 6 = q, 4*g = 2*g - 3*q + 12. Give u(g).
-8
Let n(u) = -u**2 + 10*u - 9. Let l(m) = -m**2 + 21*m - 45. Let v be l(18). Calculate n(v).
0
Let t(b) = 2 + b + 7 - 4 - 2*b. What is t(2)?
3
Let n(i) be the second derivative of -i**4/6 + 7*i**3/6 - 9*i**2/2 + i - 15. Calculate n(3).
-6
Suppose 0*m = m. Let h(j) = -4*j**3 - 30*j + 28*j + 3*j**2 + 10 - 3. Let s(b) = -5*b**3 + 4*b**2 - 3*b + 7. Let f(k) = -4*h(k) + 3*s(k). Calculate f(m).
-7
Let y(v) = v**2 + 2*v + 1. Let w be y(-2). Let q be (-6)/(-4)*(w + 1). Let n(a) = -q*a - 2 + 0 + 1. Determine n(-2).
5
Let d(n) = n - 5. Let o = -107 + 110. Let s be -6 + 1 - (-2 - o). Calculate d(s).
-5
Let v(r) = -3*r + 9 - 3*r + 4 - 15. Calculate v(7).
-44
Let g(c) be the first derivative of c**6/180 - 7*c**5/120 + c**4/24 - 26*c**3/3 + 12. Let n(y) be the third derivative of g(y). Give n(5).
16
Let y(r) = 3*r + 1. Let p = 44 + -48. Calculate y(p).
-11
Suppose 0 = 4*j + 3*w - 11, 3*j + 5*w = -0*j + 11. Suppose -j*u + 4 + 10 = 0. Let k(f) = -f**2 + 7*f + 1. Give k(u).
1
Let k = -67 - -70. Let m(z) = -2*z. Let c be m(-1). Let b(a) = -1. Let w(q) = q + 2. Let y(g) = c*w(g) + 6*b(g). Determine y(k).
4
Let s be 0 + (-447)/(-9) + 16/(-24). Let y = 45 - s. Let g(d) = -2*d